se 3*h - 2*o = -3, -2*h = 5*o - 2*o - 11. What is v(h)?
-5
Let w(x) = x**3 - x**2. Let m(a) = 44*a**3 - 33*a**2. Let z(l) = m(l) - 33*w(l). Give z(-1).
-11
Suppose 0 = 3*p - 16 - 5. Let g = -1 + p. Let l(f) = f**2 - 6*f - 8. Determine l(g).
-8
Let u be 3/2*(-32)/(-3). Suppose 4*m = 2*j + 3*j + 6, -4*j - 2*m = -u. Suppose 0 = 2*b - j. Let t(p) = -7*p**3 + p**2 - 1. What is t(b)?
-7
Let n(z) be the second derivative of z**4/6 + z**3/2 - 3*z**2/2 + z. Suppose -3*q = -4*q - 66. Let j be 4/(-5) - q/(-30). Give n(j).
6
Let a(h) be the first derivative of h**4/4 - 4*h**3/3 - 7*h**2/2 + 4*h - 11. Give a(5).
-6
Let u(r) = 83*r**2 + 0 + 0 - 82*r**2. Determine u(0).
0
Let k(i) = -2*i - 5. Let u(w) = w**2 + 7*w + 3. Let n be u(-6). Let j be (1/n)/((-1)/3). Let a be -3 + (-4 - (j - 3)). What is k(a)?
5
Let m(p) = 2*p - 3. Let l be m(3). Suppose -l*c = -5*c + 6. Let b(n) = 2*n - 2*n - 6*n + 4 + c + n**2. Calculate b(5).
2
Let m(q) = -q**2 - 8*q - 7. Let j be -10*((-17)/5 + 3). Suppose 0*u - j*u = 24. Determine m(u).
5
Let l(w) = -2*w + 18. Let n be l(0). Let h be 2/(-12) + 39/n. Let y(f) = 0 + f**3 + 2*f - 2*f**3 - f**2 - 1. Calculate y(h).
-9
Let j(o) = -o - 5. Let g be j(-4). Let a = 28 + -11. Let m(c) = -7*c + a - 30 + 12. Give m(g).
6
Let u be -1 - 8/(4/2). Let w be 1 + (0/1)/(-2). Let c be w*u/((-10)/4). Let y(p) = 5*p - 3. Determine y(c).
7
Let p be (-15)/(-4) + ((-27)/4 - -6). Let j(c) be the second derivative of c**4/12 - c**3/2 - 3*c**2/2 - 2*c. What is j(p)?
-3
Let s(y) = 3*y - 3. Suppose 5 = -2*l + 39. Suppose r + 3 = m, 4*m = -r + m + l. Let j be s(r). Let n(p) = p**2 - 3*p + 1. Calculate n(j).
1
Let u(h) = 6*h + 0*h**2 + 7*h**2 + 0*h**2 - 4 + h**3. Determine u(-6).
-4
Let t(b) = -10*b**3 + 1. Suppose -15 + 0 = -3*j. Suppose 0 = j*o + 2*v + 15, 2*o = -2*o + 5*v + 21. Give t(o).
11
Let t(f) = -5*f**2 + 14*f + 3. Let p(h) = -4*h**2 + 13*h + 2. Let v(u) = 6*p(u) - 5*t(u). Calculate v(-9).
6
Let n(d) = d - 18. Let j be n(20). Let v(l) = -3*l + 3. Give v(j).
-3
Let i(b) = 4*b - 1. Let s be -3 + 3 + 3 - 1. What is i(s)?
7
Let h(j) be the second derivative of j**3/3 + 3*j**2 + 2*j. Let b(l) = l**3 + 4*l**2 - 4. Let r be b(-4). Determine h(r).
-2
Let t(r) = -4 - r**3 + 3*r - 40*r**2 + 35*r**2 - 5*r. Determine t(-5).
6
Let l(g) = -g**3 + 5*g**2. Suppose 4*o - 12 = 8. Give l(o).
0
Suppose -48 = q - 5*q. Let j = -6 + q. Let b(d) = 2*d - 5. What is b(j)?
7
Let w(y) = 2*y**2 - 3*y - 4. Let g be w(3). Suppose 2*x + g*o = -5, -4*o = -0*x + 2*x + 2. Let j(z) = z**3 - 4*z**2 - 3*z - 6. What is j(x)?
4
Let l(i) = -i**2 - 1. Let r(h) = -1 + h + h + h**2 - 2*h**3 + 0*h**3. Let k(q) = l(q) - r(q). Suppose 9 - 1 = -4*z, 5*m = -5*z. Calculate k(m).
4
Let t(m) = -m**2 + 8*m - 6. Let j(b) = 3*b**2 - 22*b - 9. Let x be j(8). Determine t(x).
1
Let x(g) = -g**2 - 5*g - 4. Let a be x(-4). Let w(i) be the second derivative of -1/6*i**3 - 2*i - 3*i**2 + 1/12*i**4 - 1/20*i**5 + 0. Give w(a).
-6
Let v(n) = 3*n**3 - n**2 - 3*n + 5. Let u(s) = -2*s**3 + s**2 + 2*s - 3. Let z(f) = 5*u(f) + 3*v(f). Calculate z(-1).
2
Let m(a) = -8*a + 1. Let r be m(-1). Let h = r - 3. Let f(o) be the third derivative of -o**5/60 + 5*o**4/24 + 5*o**3/6 + o**2. Calculate f(h).
-1
Let c(r) be the first derivative of -r**3/3 + r**2 - 3. Give c(3).
-3
Let d(z) = -z + 17. Let f(o) = -o + 9. Let u(n) = 3*d(n) - 5*f(n). Give u(-5).
-4
Suppose 0 = -0*z + z - 1. Let h(f) = -4*f - 1. What is h(z)?
-5
Let p(w) = 2*w + 2*w**2 - 4*w**2 + 0*w**2 - 5 + 3*w**2. Give p(4).
19
Let z(v) = v**3 - 10*v**2 + 8*v + 11. Let r be z(9). Let s(m) = r - 2 + m**2 + 1. Determine s(0).
1
Let p(y) = y**2 + 4*y + 3. Let u be p(-4). Let g(a) = 2*a - 1 + a - 4*a + 10*a**u. Let d be 30/(-12) - (-3)/2. What is g(d)?
-10
Suppose -5*v + 4*a + 49 = 0, -v - 3*a = -15 - 10. Let o = v - 8. Let m(t) = -5*t. Let i(q) = -9*q - 1. Let g(h) = -4*i(h) + 7*m(h). What is g(o)?
9
Suppose 4*d - 5*d = 0. Let x(n) = n**2 + n + 1 + 0 - 5. Give x(d).
-4
Let q = 3 + 2. Let m(j) = -j**3 + 5*j**2 + 2*j - 2. Give m(q).
8
Suppose -2*v + 18 = -12. Suppose 16 = 2*t + 4*w, -4*t + 4*w + 35 - v = 0. Let g(o) = -3*o + 0 + 1 - 4 + t - o**2. Calculate g(-3).
3
Let l(v) = v**2 - 5*v + 1. Let i = 4 + 16. Suppose 0 = 5*s - 3*r - i, 1 + 1 = -3*s - r. Suppose p + s = 5. Give l(p).
-3
Let o(v) be the first derivative of -v**3/3 - 5*v**2/2 + 3*v + 28. What is o(-5)?
3
Suppose 7*k = -40 + 12. Let d(x) = -x**3 - 3*x**2 + 7*x + 6. What is d(k)?
-6
Let l(t) = 1 - 1 + 2*t + 0 - 1. Calculate l(-4).
-9
Let n(y) = y**2 + 4*y - 1. Let o = 1 + -5. Determine n(o).
-1
Let d(s) = 2*s**3 + 3*s**2 + 2*s + 1. Let i be (-4)/4 + (-5)/5. What is d(i)?
-7
Let n(k) = -3*k - 5 + 3 + 2*k. Let q be -2*((-20)/4)/(-5). What is n(q)?
0
Suppose 3*j = -j - 16. Let s(i) = -i**2 + 6*i - 4. Let a(w) = -2*w**2 + 12*w - 8. Let m(n) = j*a(n) + 7*s(n). Determine m(6).
4
Let q(n) = -n**2 - 10*n**2 - 3 + 10*n**2 + 5*n + 1. Let r be -1 + 1 + (3 - -2). Determine q(r).
-2
Let d(w) = w**3 - 10*w**2 + 10*w - 6. Let o be d(9). Let p be 2 + (0 - 0) - -2. Let i(y) = 2*y - 2 - 3 + p. Give i(o).
5
Let a = -2 + 3. Let k(z) = 5*z**3 + 9*z**2 + 9*z - 9. Let w(j) = j**3 + j**2 + j - 1. Let q(p) = a*k(p) - 6*w(p). Let f be 26/10 + 6/15. Give q(f).
6
Let h(w) = -w**3 + 3*w**2 + 4*w. Let i be h(4). Let p(t) = t + 20. Let a be p(i). Suppose b + 3*b + a = 0. Let m(y) = y**3 + 6*y**2 + 4*y + 1. Calculate m(b).
6
Let u = -5 - 0. Let m(d) = -2*d**3 + d**2 + d + 1. Let q be m(-1). Let w(n) = -2 + 2*n - n**2 - 6*n - q*n. Determine w(u).
8
Let z(b) be the third derivative of 1/12*b**4 - 4*b**2 - 1/120*b**6 + 0*b + 0 - 2/3*b**3 + 1/30*b**5. Calculate z(3).
-7
Let a(n) be the third derivative of n**4/24 + n**2. Suppose 3*l = -l. Let w = 2 - l. Determine a(w).
2
Let t(q) = 25*q**3 - 34*q**3 - q**2 + q - 2 + 1. What is t(1)?
-10
Suppose 2*c = v + 6, 0*v - 5*v = 2*c - 18. Let l = 5 + -2. Let t(o) = -2 + 7*o - o**v - l + 1. What is t(4)?
8
Suppose 0 = 2*m + m + 4*t + 23, m + 4*t = -13. Let o = -2 - m. Suppose -o*i = i. Let h(v) = v - 7. Determine h(i).
-7
Let p be -7 + (2 + -2 - -2). Let y(o) = 7*o**3 + 12*o**2 + 6*o + 8. Let i(f) = -6*f**3 - 11*f**2 - 6*f - 7. Let m(l) = -6*i(l) - 5*y(l). What is m(p)?
-3
Let n(v) = -v - 1. Suppose -5*l - 13 - 2 = 0. What is n(l)?
2
Let l(h) = -h**2 - 4*h + 7. Suppose 0 = 3*z + 2*m + 2*m + 22, -2 = z - 4*m. Give l(z).
-5
Let p(a) = 5*a**3 - 4*a**3 + 5*a + 1 + 5*a**2 - 4*a**2 + 4*a**2. Let g be -2 + 3 - (4 + 1). What is p(g)?
-3
Let s = 3 + -3. Suppose g = -s - 4. Let a(y) = y**3 + y**2 + y - 1. Let h(z) = 2*z**3 + 6*z - 5. Let p(f) = 3*a(f) - h(f). What is p(g)?
-2
Let s(l) = l**3 + 2*l**2 - 5*l - 3. Let u be (0 + -2)/(4/2). Let g be (3 - u)*(-6)/8. Determine s(g).
3
Let q(l) be the first derivative of -5/3*l**3 - 1/4*l**4 + 4*l**2 + 3 + 6*l. What is q(-6)?
-6
Let t(b) = -38*b + 14. Let g(n) = 13*n - 5. Let u(j) = 14*g(j) + 5*t(j). Determine u(1).
-8
Let n(i) = 8*i**3 - i**2 + 2*i - 1. Suppose -h - 5 = -9. Let t be 18/24 - (-1)/h. Determine n(t).
8
Let l(c) = 1. Let s(m) = -m. Let o(i) = 2*l(i) - s(i). Calculate o(-5).
-3
Let s(q) be the third derivative of -q**5/60 - q**4/4 - q**3/2 - 5*q**2. What is s(-3)?
6
Let a(b) = -5*b**3 + 11*b**2 - 4*b - 6. Let g(u) = u**3 - u**2. Let y(w) = -a(w) - 4*g(w). Determine y(6).
-6
Let r(l) = -7*l + 4. Let o(y) = y - 1. Let v(i) = 4*o(i) + r(i). Let b = -3 + 1. Calculate v(b).
6
Let d(o) = -o**2 + 8*o + 9. Let a be d(9). Suppose -v - 3 = -a*v. Let n(j) = -3*j**2 - 3*j**3 - 1 + 4*j**3 - 2*j**3. Give n(v).
-1
Suppose 0 = -3*v + 9, 4 + 9 = 5*u - 4*v. Let q(l) = -3*l**2 + 9*l**2 + 3 - 3*l + 7*l - 7*l**2. What is q(u)?
-2
Suppose 3*z = 7*z + 16. Let t(o) be the second derivative of 0 + 3*o**2 + 1/12*o**4 - 2*o + 7/6*o**3. Give t(z).
-6
Let s(f) be the second derivative of f**5/20 + f**4/6 - f**3/3 - 3*f. Calculate s(-2).
4
Let h(c) = 5*c + 7. Suppose -5*y - 4*m + 5 - 74 = 0, -5*m = -2*y - 54. Let g(l) = 14*l + 20. Let o(r) = y*h(r) + 6*g(r). Give o(4).
-3
Let c(i) = i**2 - 2*i - 4. Let k(r) = 2*r**2 - 3*r + 1. Let t be k(2). What is c(t)?
-1
Let x(z) = 3*z**2 - 2*z + 2*z**2 + 5*z + 2 - z**3 - 6*z**2. Determine x(-2).
0
Let i(a) = 5*a - 1. Suppose -4*p = 14*p - 72. Give i(p).
19
Let b(l) = 6*l - 8. Let j(x) = x**2 + 6*x + 1. Let t be -1 - -2*6/(-3). Let m be j(t). Let h(k)